
What is the tens digit of (-1362)/(-14) + 4/(-42)*3?
9
Let g(m) = 3*m**2 + 3*m - 5. Let q be g(-4). What is the units digit of q/3 - (-4)/(-12)?
0
Let i = -12 + 14. Let o(q) = -q**2 + 2*q + 3. Let s be o(3). Suppose s*r - i*r = -20. What is the units digit of r?
0
Let g = 36 - 52. What is the units digit of (-1 + 5)*(-72)/g?
8
Let o(r) = 17*r**3 + 5*r**2 - 3*r. What is the hundreds digit of o(2)?
1
Let h be 3 + 108/(5 - 1). Suppose -2*a = a - h. What is the tens digit of a?
1
What is the tens digit of ((-4)/(-16))/(1/572)?
4
Suppose 5*z = -0 + 10. Suppose z*g - 14 = -5*l, -5*g + 20 = 2*l + 3*l. What is the units digit of l?
2
Let d = 4 - 11. Let j = d + 12. Suppose 5*r - j*l - 33 = r, -51 = -4*r - l. What is the tens digit of r?
1
Let o(y) = -y**3 + 14*y**2 + 14*y + 14. Let t be o(15). Let f(z) = -45*z - 2. What is the units digit of f(t)?
3
Suppose 0 = -i - 1, 3*i + 271 = 4*z + 8*i. What is the units digit of z?
9
Suppose 0 = -j + 77 + 149. What is the hundreds digit of j?
2
Let l = -3 - -5. Suppose 2*m - 1 - 5 = 0. Let b = m - l. What is the units digit of b?
1
Let r = -6 + 2. Let k be (4 - 1) + 4/r. Suppose -k*t + 0 + 10 = 0. What is the units digit of t?
5
Suppose 3*t + 232 = -t + 4*n, -3*t + n - 182 = 0. Let b = 95 + t. Suppose 2 = 5*z - b. What is the units digit of z?
7
Suppose 4*q - q - 4*p - 2 = 0, -2*p + 10 = 4*q. Suppose q*u + 2*u = 12. Suppose l - 7 = -u*i, -3*i = 3*l - 2 - 43. What is the tens digit of l?
1
Suppose -6*s + 24 = -4*s. Let x(c) = -c**3 - 8*c**2 - 7*c - 5. Let q be x(-7). Let w = s - q. What is the units digit of w?
7
Let i(x) = -5*x + 14. What is the units digit of i(-6)?
4
Let o be (-54)/10 + (-16)/(-40). Let l = o - -11. What is the units digit of l?
6
Let n(g) = 36*g**2 + g - 8. What is the hundreds digit of n(2)?
1
Suppose -2*w = -5*f - 80, 0 = 8*w - 5*w - 2*f - 98. What is the units digit of w?
0
Suppose 0 = -3*x + f + 75, 5*x + 2*f = 13 + 101. Let p be (-5)/35 - (-212)/14. Let z = x - p. What is the units digit of z?
9
Let n = 80 - 54. What is the units digit of n?
6
Let a(y) = -2*y - 3. What is the units digit of a(-2)?
1
Suppose -v + j + 21 = 0, -71 = -3*v + 2*j - 13. Let d = v - 7. What is the units digit of d?
9
Suppose -3*t - 4*a = a - 13, 5*t = -5*a + 25. What is the units digit of -3 + t - 2*-15?
3
Let p(o) be the third derivative of -7*o**4/24 + o**3 + 4*o**2. Let i be p(9). What is the units digit of (-1)/(-5) - i/15?
4
Let d = 2 - -13. What is the units digit of d?
5
What is the tens digit of 15*((-33)/(-9) - 2)?
2
Let d(i) = -3*i**3 - 6*i**2 - 3*i - 10. What is the tens digit of d(-4)?
9
Let o(n) = -n**2 - 14*n - 9. What is the tens digit of o(-9)?
3
Suppose -9 = -5*p + h + 1, -3*p = 3*h - 6. Suppose p*q + 3 - 5 = 0. What is the units digit of q?
1
Suppose 0*x = 4*u + 4*x - 16, u = 5*x - 2. Suppose 4*g - 4*d - 8 = 0, -2*d - 4 = -u*g - g. Let w = 4 - g. What is the units digit of w?
4
Suppose -3*f = f. Suppose f = -k - 1 + 4. What is the units digit of k?
3
Let s = 7 - 5. Suppose -s*k - 5 = -3*k. What is the units digit of k?
5
Let d(a) = 2*a**2 - 2. Let m be d(-3). Suppose 3*k - m = 5. What is the units digit of k?
7
Let h(c) = -2*c - 2. Let i = 3 + 6. Suppose i + 21 = -5*k. What is the units digit of h(k)?
0
What is the tens digit of 1880/35 + (-6)/(-21)?
5
Let g = 4 - 3. Let h(o) = -5*o + 3*o + 0*o - g + o. What is the units digit of h(-4)?
3
Suppose 3*f - 12 = 3. Suppose 88 = 3*a - f. What is the units digit of a?
1
Suppose -8 = -g + 5*v + 14, 5*v = -4*g - 12. Suppose 3*z - 37 = g*w, 3*z + 5*w - 25 = w. What is the tens digit of z?
1
Let f = 4 + -1. Suppose 0 = c - f*c - 5*m + 13, 3 = -3*m. What is the units digit of c?
9
Suppose 5*o - 175 = -5*q, -2*o = 5*q + 2*o - 180. Suppose -4*i + 3*i = -q. What is the units digit of i?
0
Suppose 6*m + 114 = 1494. What is the hundreds digit of m?
2
Suppose -25*q = -20*q - 125. What is the tens digit of q?
2
Let o = -6 + 5. Let l(g) = 5*g**2 - g. What is the units digit of l(o)?
6
Let z = 89 - 51. What is the units digit of z?
8
Let m(w) = -21*w - 6*w**2 + 31*w**3 - 6 + 5*w**3 + 55*w**3. Let o(v) = 18*v**3 - v**2 - 4*v - 1. Let h(a) = -2*m(a) + 11*o(a). What is the tens digit of h(1)?
1
Let q be (0 + -1)/(0 - -1). Let i = q + 10. What is the units digit of i?
9
What is the tens digit of (-618)/(-9) + 2 + (-1)/(-3)?
7
Let f be (-2*11)/(16/(-24)). Suppose 2*n = 4*v + 12, f + 8 = -4*n - 5*v. What is the tens digit of (1*11)/(n - -5)?
1
Suppose -4*v - 15 = v + 4*i, -10 = 2*i. Let d(f) be the third derivative of f**5/60 + f**3/6 + 2*f**2. What is the units digit of d(v)?
2
Let j(v) = v**3 + 8*v**2 - v - 6. Let y be j(-8). Let x = -4 + y. Let c = -1 - x. What is the units digit of c?
1
Let y be ((-90)/(-3))/(3 - 2). Let p = 48 - y. What is the tens digit of p?
1
Let g(l) = 5 - 11 + 3 + 9*l + l**2. What is the units digit of g(-11)?
9
Suppose -32 = -w + 106. What is the tens digit of w?
3
Let k(l) = -2*l**2 + l + 2. Let t be k(2). What is the tens digit of t/10 - 144/(-10)?
1
Let h(p) = -31*p**2 + 2*p + 2. Let g be h(-2). What is the tens digit of g/(-8) + 2/8?
1
Let d(z) = -z**2 - 11*z - 5. Suppose i = 2*i + 5. What is the tens digit of d(i)?
2
Let r = 0 + -1. Let t = r - 7. What is the tens digit of (-68)/t + 3/2?
1
Let v be 1/(1*4/380). Let q = v - 58. What is the units digit of q?
7
Let l(w) = w**3 - 7*w**2 + 10*w - 6. What is the units digit of l(6)?
8
Let s be (-6)/21 + 793/7. Suppose 5*d + 22 = -s. Let o = -5 - d. What is the units digit of o?
2
Suppose 0*a - 3*b - 39 = -3*a, 3*a - 2*b - 42 = 0. What is the tens digit of a?
1
Suppose 0 = -2*i + 3*c + 156, i - 6*i - 2*c + 409 = 0. What is the tens digit of i?
8
Let m(c) = 8*c**2 + 9*c + 21. What is the tens digit of m(-5)?
7
Let a(q) = -3*q - 8. Let l be a(9). Let s = -21 - l. What is the tens digit of s?
1
Suppose 5*t - 329 = -4*g, -95 - 225 = -4*g + 4*t. What is the units digit of g?
1
Let j = 115 - 73. What is the tens digit of 1572/j - (-12)/21?
3
Let w = -45 + 56. What is the tens digit of w?
1
Let u(o) = -3*o**2 - 2*o + 1. Let g be u(1). Let t be (3/5)/(5/50). Let i = g + t. What is the units digit of i?
2
Suppose 0 = -11*v + 1694 + 1320. What is the hundreds digit of v?
2
Let o(q) = q**3 - q**2 - q + 3. What is the tens digit of o(4)?
4
Suppose 0 = 3*j - 12, 2*a + 3*a + 1 = -j. Let o = a + 3. Suppose o*b - 34 = -8. What is the tens digit of b?
1
Let w(j) = 3*j**2 - 4*j + 1. What is the tens digit of w(-5)?
9
Suppose 4*i - 3*y - 386 = 0, -3*i + y + 291 = -2*y. What is the units digit of i?
5
Suppose -4*c = 852 + 396. What is the units digit of (-4)/14 - c/14?
2
Suppose -r + 13 - 4 = 0. Let m = r - -1. What is the units digit of m?
0
Let g = 141 + 42. What is the tens digit of g?
8
Let t(l) = l**3 + 10*l**2 + 10*l + 12. Let k be t(-9). Suppose -4 = -k*u + 14. What is the units digit of (u/(-2))/(6/(-16))?
8
Let s(f) = -f**2 - 4*f + 5. What is the units digit of s(-4)?
5
Let w(b) = -b**3 - 2*b**2 + 10*b + 17. What is the tens digit of w(-5)?
4
Let m(y) = y + 34. Let v be m(-6). Suppose -8 = -r - r. Suppose 0*u - v = -r*u. What is the units digit of u?
7
Let p(n) = n + 14. What is the units digit of p(-5)?
9
What is the units digit of 29 - 9/(36/(-8))?
1
Suppose -5*y = -5*t + 35, t + 1 = -y + 4. What is the units digit of (1 - 2) + y + 11?
8
Let z(s) = 16*s. Let d(w) = -5*w. Let l(t) = -14*d(t) - 4*z(t). Let o be l(1). Let x(m) = m + 2. What is the units digit of x(o)?
8
Suppose -2*p + 3 = -p. Suppose -2*f + 3 + p = 0. Let d = 3 + f. What is the units digit of d?
6
Suppose -3*f + 4*f = -18. Let o = -7 - f. What is the tens digit of o?
1
Let j = 218 + 7. What is the hundreds digit of j?
2
Suppose -10*r + 7*r = 132. Let m = 71 + r. What is the tens digit of m?
2
Let i(n) = 29*n. Let q be i(9). Suppose -5*m + q - 51 = 4*y, 2*m + 5*y - 67 = 0. What is the units digit of m?
6
What is the units digit of (-60)/(-25)*(14 - -1)?
6
Let r = -4 - -25. What is the tens digit of r?
2
Let o = -6 + 14. Suppose -o = -z - 3*q - 2*q, 5*z + q - 16 = 0. Suppose -z*a + 2 = -a. What is the units digit of a?
1
Suppose -17 = 2*y - 5*f, -3*f - 4 = y - 4*f. What is the units digit of (-12)/4*y*3?
9
Let o(v) = 3*v**3 - 2*v**2 + 10*v - 3. Let j(l) = -3*l**3 + l**2 - 9*l + 2. Let h(p) = 6*j(p) + 5*o(p). Let r = 6 + -8. What is the 